{"id":56,"date":"2020-03-11T09:19:17","date_gmt":"2020-03-11T09:19:17","guid":{"rendered":"http:\/\/tb-plomberie-conflans.fr\/?page_id=56"},"modified":"2023-11-15T04:47:08","modified_gmt":"2023-11-15T03:47:08","slug":"terms-conditions","status":"publish","type":"page","link":"https:\/\/tb-plomberie-conflans.fr\/index.php\/terms-conditions\/","title":{"rendered":"Mentions L\u00e9gales"},"content":{"rendered":"<p><div class=\"fusion-fullwidth fullwidth-box fusion-builder-row-1 fusion-flex-container nonhundred-percent-fullwidth non-hundred-percent-height-scrolling\" style=\"--awb-border-radius-top-left:0px;--awb-border-radius-top-right:0px;--awb-border-radius-bottom-right:0px;--awb-border-radius-bottom-left:0px;--awb-padding-top:6%;--awb-padding-bottom:6%;--awb-flex-wrap:wrap;\" ><div class=\"fusion-builder-row fusion-row fusion-flex-align-items-flex-start fusion-flex-content-wrap\" style=\"max-width:calc( 1140px + 0px );margin-left: calc(-0px \/ 2 );margin-right: calc(-0px \/ 2 );\"><div class=\"fusion-layout-column fusion_builder_column fusion-builder-column-0 fusion_builder_column_1_1 1_1 fusion-flex-column fusion-animated\" style=\"--awb-bg-size:cover;--awb-width-large:100%;--awb-margin-top-large:0px;--awb-spacing-right-large:0px;--awb-margin-bottom-large:20px;--awb-spacing-left-large:0px;--awb-width-medium:100%;--awb-spacing-right-medium:0px;--awb-spacing-left-medium:0px;--awb-width-small:100%;--awb-spacing-right-small:0px;--awb-spacing-left-small:0px;\" data-animationType=\"fadeInUp\" data-animationDuration=\"1.0\" data-animationOffset=\"top-into-view\"><div class=\"fusion-column-wrapper fusion-column-has-shadow fusion-flex-justify-content-flex-start fusion-content-layout-column\"><div class=\"fusion-title title fusion-title-1 fusion-sep-none fusion-title-text fusion-title-size-three\"><h3 class=\"fusion-title-heading title-heading-left fusion-responsive-typography-calculated\" style=\"margin:0;text-transform:capitalize;--fontSize:28;line-height:1.2;\">Mentions L\u00e9gales<\/h3><\/div><\/div><\/div><div class=\"fusion-layout-column fusion_builder_column fusion-builder-column-1 fusion_builder_column_1_1 1_1 fusion-flex-column fusion-animated\" style=\"--awb-bg-size:cover;--awb-width-large:100%;--awb-margin-top-large:0px;--awb-spacing-right-large:0px;--awb-margin-bottom-large:20px;--awb-spacing-left-large:0px;--awb-width-medium:100%;--awb-spacing-right-medium:0px;--awb-spacing-left-medium:0px;--awb-width-small:100%;--awb-spacing-right-small:0px;--awb-spacing-left-small:0px;\" data-animationType=\"fadeInUp\" data-animationDuration=\"1.0\" data-animationOffset=\"top-into-view\"><div class=\"fusion-column-wrapper fusion-column-has-shadow fusion-flex-justify-content-flex-start fusion-content-layout-column\"><div class=\"fusion-text fusion-text-1\"><h1>Mentions L\u00e9gales<\/h1>\n<h2>Informations sur l&#8217;Entreprise<\/h2>\n<p><strong>Nom de l&#8217;Entreprise :<\/strong> TB Plomberie<br \/>\n<strong>Forme Juridique :<\/strong> [Indiquer la forme juridique de l&#8217;entreprise]\n<strong>Si\u00e8ge Social :<\/strong> [Adresse du si\u00e8ge social]\n<strong>Num\u00e9ro de SIRET :<\/strong> [Num\u00e9ro SIRET de l&#8217;entreprise]\n<strong>Responsable de la Publication :<\/strong> [Nom du responsable de la publication]\n<strong>T\u00e9l\u00e9phone :<\/strong> [Num\u00e9ro de t\u00e9l\u00e9phone]\n<strong>Email :<\/strong> [Adresse email de contact]<\/p>\n<h2>H\u00e9bergement du Site Web<\/h2>\n<p>Le site web de TB Plomberie est h\u00e9berg\u00e9 par [Nom de l&#8217;h\u00e9bergeur]\nAdresse de l&#8217;h\u00e9bergeur : [Adresse de l&#8217;h\u00e9bergeur]\nNum\u00e9ro de t\u00e9l\u00e9phone de l&#8217;h\u00e9bergeur : [Num\u00e9ro de t\u00e9l\u00e9phone de l&#8217;h\u00e9bergeur]<\/p>\n<h2>Propri\u00e9t\u00e9 Intellectuelle<\/h2>\n<p>Le contenu de ce site web, y compris les textes, images, logos et \u00e9l\u00e9ments graphiques, est la propri\u00e9t\u00e9 de TB Plomberie et est prot\u00e9g\u00e9 par les lois sur la propri\u00e9t\u00e9 intellectuelle. Toute reproduction, distribution, modification ou utilisation non autoris\u00e9e du contenu est strictement interdite.<\/p>\n<h2>Collecte de Donn\u00e9es Personnelles<\/h2>\n<p>TB Plomberie collecte des donn\u00e9es personnelles uniquement dans le cadre de ses activit\u00e9s commerciales et s&#8217;engage \u00e0 respecter la confidentialit\u00e9 et la s\u00e9curit\u00e9 de ces informations. Les utilisateurs du site peuvent consulter notre politique de confidentialit\u00e9 pour plus d&#8217;informations sur la collecte et l&#8217;utilisation des donn\u00e9es personnelles.<\/p>\n<h2>Liens Externes<\/h2>\n<p>Ce site web peut contenir des liens vers des sites externes. TB Plomberie n&#8217;assume aucune responsabilit\u00e9 quant au contenu ou \u00e0 la politique de confidentialit\u00e9 de ces sites.<\/p>\n<h2>Cookies<\/h2>\n<p>Ce site web utilise des cookies pour am\u00e9liorer l&#8217;exp\u00e9rience de l&#8217;utilisateur. En naviguant sur ce site, l&#8217;utilisateur accepte l&#8217;utilisation de cookies conform\u00e9ment \u00e0 la politique de cookies de TB Plomberie.<\/p>\n<h2>Modification des Mentions L\u00e9gales<\/h2>\n<p>TB Plomberie se r\u00e9serve le droit de modifier les pr\u00e9sentes mentions l\u00e9gales \u00e0 tout moment. Les utilisateurs du site sont invit\u00e9s \u00e0 consulter r\u00e9guli\u00e8rement cette page pour prendre connaissance des \u00e9ventuelles modifications.<\/p>\n<h2>Contact<\/h2>\n<p>Pour toute question concernant les mentions l\u00e9gales, veuillez nous contacter \u00e0 l&#8217;adresse email suivante : [Adresse email de contact].<\/p>\n<p>Ces mentions l\u00e9gales sont fournies \u00e0 titre d&#8217;exemple et peuvent n\u00e9cessiter des ajustements en fonction des lois locales et des sp\u00e9cificit\u00e9s de l&#8217;entreprise. Il est recommand\u00e9 de consulter un professionnel du droit pour s&#8217;assurer de la conformit\u00e9 avec les r\u00e9glementations en vigueur.<\/p>\n<\/div><\/div><\/div><\/div><\/div><div class=\"fusion-fullwidth fullwidth-box fusion-builder-row-2 fusion-flex-container fusion-parallax-none hundred-percent-fullwidth non-hundred-percent-height-scrolling lazyload\" style=\"--awb-border-radius-top-left:0px;--awb-border-radius-top-right:0px;--awb-border-radius-bottom-right:0px;--awb-border-radius-bottom-left:0px;--awb-padding-top:6%;--awb-background-image:linear-gradient(0deg, hsla(var(--awb-color4-h),var(--awb-color4-s),var(--awb-color4-l),calc(var(--awb-color4-a) - 60%)) 0%,hsla(var(--awb-color2-h),var(--awb-color2-s),var(--awb-color2-l),calc(var(--awb-color2-a) - 60%)) 65%);;--awb-background-size:cover;--awb-flex-wrap:wrap;\" data-bg=\"http:\/\/tb-plomberie-conflans.fr\/wp-content\/uploads\/2020\/03\/lower-call-to-action-background-scaled-1.jpg\" data-bg-gradient=\"linear-gradient(0deg, hsla(var(--awb-color4-h),var(--awb-color4-s),var(--awb-color4-l),calc(var(--awb-color4-a) - 60%)) 0%,hsla(var(--awb-color2-h),var(--awb-color2-s),var(--awb-color2-l),calc(var(--awb-color2-a) - 60%)) 65%)\" ><div class=\"fusion-builder-row fusion-row fusion-flex-align-items-flex-start fusion-flex-content-wrap\" style=\"width:104% !important;max-width:104% !important;margin-left: calc(-4% \/ 2 );margin-right: calc(-4% \/ 2 );\"><div class=\"fusion-layout-column fusion_builder_column fusion-builder-column-2 fusion_builder_column_1_1 1_1 fusion-flex-column fusion-animated\" style=\"--awb-bg-size:cover;--awb-width-large:100%;--awb-margin-top-large:0px;--awb-spacing-right-large:1.92%;--awb-margin-bottom-large:20px;--awb-spacing-left-large:1.92%;--awb-width-medium:100%;--awb-spacing-right-medium:1.92%;--awb-spacing-left-medium:1.92%;--awb-width-small:100%;--awb-spacing-right-small:1.92%;--awb-spacing-left-small:1.92%;\" data-animationType=\"fadeInUp\" data-animationDuration=\"1.0\" data-animationOffset=\"top-into-view\"><div class=\"fusion-column-wrapper fusion-column-has-shadow fusion-flex-justify-content-flex-start fusion-content-layout-column\"><div class=\"fusion-title title fusion-title-2 fusion-sep-none fusion-title-center fusion-title-text fusion-title-size-one\" style=\"--awb-margin-top-small:40px;\"><h1 class=\"fusion-title-heading title-heading-center fusion-responsive-typography-calculated\" style=\"margin:0;letter-spacing:-0.03em;text-transform:capitalize;--fontSize:60;line-height:var(--awb-typography1-line-height);\">Devis Gratuit<\/h1><\/div><div class=\"fusion-title title fusion-title-3 fusion-sep-none fusion-title-center fusion-title-text fusion-title-size-three\" style=\"--awb-margin-top:5px;\"><h3 class=\"fusion-title-heading title-heading-center fusion-responsive-typography-calculated\" style=\"font-family:var(--awb-typography2-font-family);font-weight:var(--awb-typography2-font-weight);font-style:var(--awb-typography2-font-style);margin:0;letter-spacing:var(--awb-typography2-letter-spacing);text-transform:var(--awb-typography2-text-transform);--fontSize:28;line-height:var(--awb-typography2-line-height);\">Nous sommes pr\u00eats \u00e0 mettre notre expertise au service de votre confort et de votre tranquillit\u00e9 d\u2019esprit.<\/h3><\/div><\/div><\/div><div class=\"fusion-layout-column fusion_builder_column fusion-builder-column-3 fusion_builder_column_1_1 1_1 fusion-flex-column fusion-animated\" style=\"--awb-bg-size:cover;--awb-width-large:100%;--awb-margin-top-large:0px;--awb-spacing-right-large:1.92%;--awb-margin-bottom-large:20px;--awb-spacing-left-large:1.92%;--awb-width-medium:100%;--awb-spacing-right-medium:1.92%;--awb-spacing-left-medium:1.92%;--awb-width-small:100%;--awb-spacing-right-small:1.92%;--awb-spacing-left-small:1.92%;\" data-animationType=\"fadeInUp\" data-animationDuration=\"1.0\" data-animationOffset=\"top-into-view\"><div class=\"fusion-column-wrapper fusion-column-has-shadow fusion-flex-justify-content-flex-start fusion-content-layout-column\"><div style=\"text-align:center;\"><a class=\"fusion-button button-flat fusion-button-default-size button-custom fusion-button-default button-1 fusion-button-default-span fusion-button-default-type\" style=\"--button_accent_color:var(--awb-color7);--button_border_color:var(--awb-color5);--button_accent_hover_color:var(--awb-color1);--button_border_hover_color:var(--awb-color5);--button_border_width-top:2px;--button_border_width-right:2px;--button_border_width-bottom:2px;--button_border_width-left:2px;--button_gradient_top_color:var(--awb-color1);--button_gradient_bottom_color:var(--awb-color1);--button_gradient_top_color_hover:var(--awb-color5);--button_gradient_bottom_color_hover:var(--awb-color5);\" target=\"_self\" href=\"https:\/\/bit.ly\/3bB2CNY\"><span class=\"fusion-button-text\">APPELEZ NOUS : 06 28 92 03 71<\/span><\/a><\/div><\/div><\/div><div class=\"fusion-layout-column fusion_builder_column fusion-builder-column-4 fusion_builder_column_1_1 1_1 fusion-flex-column\" style=\"--awb-bg-size:cover;--awb-width-large:100%;--awb-margin-top-large:0px;--awb-spacing-right-large:1.92%;--awb-margin-bottom-large:0px;--awb-spacing-left-large:1.92%;--awb-width-medium:100%;--awb-spacing-right-medium:1.92%;--awb-spacing-left-medium:1.92%;--awb-width-small:100%;--awb-spacing-right-small:1.92%;--awb-spacing-left-small:1.92%;\"><div class=\"fusion-column-wrapper fusion-column-has-shadow fusion-flex-justify-content-flex-start fusion-content-layout-column\"><div class=\"fusion-section-separator section-separator hills-opacity fusion-section-separator-1\" style=\"--awb-spacer-padding-top:17.7734375%;--awb-svg-margin-left:1.92%;--awb-svg-margin-right:1.92%;--awb-svg-margin-left-medium:1.92%;--awb-svg-margin-right-medium:1.92%;--awb-svg-margin-left-small:1.92%;--awb-svg-margin-right-small:1.92%;--awb-sep-font-size:0;--awb-sep-line-height:0;\"><div class=\"fusion-section-separator-svg\"><svg class=\"fusion-hills-opacity-candy\" xmlns=\"http:\/\/www.w3.org\/2000\/svg\" version=\"1.1\" width=\"100%\" viewBox=\"0 -0.5 1024 182\" preserveAspectRatio=\"none\" fill=\"rgba(255,255,255,1)\"><path class=\"st0\" d=\"M0 182.086h1024V41.593c-28.058-21.504-60.109-37.581-97.075-37.581-112.845 0-198.144 93.798-289.792 93.798S437.658 6.777 351.846 6.777s-142.234 82.125-238.49 82.125c-63.078 0-75.776-31.744-113.357-53.658L0 182.086z\"\/>\n\t\t\t\t\t\t\t\t\t<path class=\"st1\" d=\"M1024 181.062v-75.878c-39.731 15.872-80.794 27.341-117.658 25.805-110.387-4.506-191.795-109.773-325.53-116.224-109.158-5.12-344.166 120.115-429.466 166.298H1024v-.001z\"\/>\n\t\t\t\t\t\t\t\t\t<path class=\"st2\" d=\"M0 182.086h1024V90.028C966.451 59.103 907.059 16.3 824.115 15.071 690.278 13.023 665.19 102.93 482.099 102.93S202.138-1.62 74.24.019C46.49.326 21.811 4.217 0 9.849v172.237z\"\/>\n\t\t\t\t\t\t\t\t\t<path class=\"st3\" d=\"M0 182.086h1024V80.505c-37.171 19.558-80.691 35.328-139.571 36.25-151.142 2.355-141.619-28.57-298.496-29.184s-138.854 47.002-305.459 43.725C132.813 128.428 91.238 44.563 0 28.179v153.907z\"\/>\n\t\t\t\t\t\t\t\t\t<path class=\"st4\" d=\"M0 182.086h1024v-77.312c-49.05 20.07-120.525 42.394-193.229 42.086-128.922-.512-159.846-72.294-255.795-72.294-89.088 0-134.656 80.179-245.043 82.022S169.063 99.346 49.971 97.401C32.768 97.094 16.077 99.244 0 103.135v78.951z\"\/>\n\t\t\t\t\t\t\t\t<\/svg><\/div><div class=\"fusion-section-separator-spacer\"><div class=\"fusion-section-separator-spacer-height\"><\/div><\/div><\/div><\/div><\/div><\/div><\/div>\n<\/p>\n","protected":false},"excerpt":{"rendered":"","protected":false},"author":1,"featured_media":210,"parent":0,"menu_order":0,"comment_status":"closed","ping_status":"closed","template":"100-width.php","meta":{"_bbp_topic_count":0,"_bbp_reply_count":0,"_bbp_total_topic_count":0,"_bbp_total_reply_count":0,"_bbp_voice_count":0,"_bbp_anonymous_reply_count":0,"_bbp_topic_count_hidden":0,"_bbp_reply_count_hidden":0,"_bbp_forum_subforum_count":0,"footnotes":""},"class_list":["post-56","page","type-page","status-publish","has-post-thumbnail","hentry"],"acf":[],"yoast_head":"<!-- This site is optimized with the Yoast SEO plugin v21.5 - https:\/\/yoast.com\/wordpress\/plugins\/seo\/ -->\n<title>Mentions L\u00e9gales - TB PLOMBERIE<\/title>\n<meta name=\"robots\" content=\"index, follow, max-snippet:-1, max-image-preview:large, max-video-preview:-1\" \/>\n<link rel=\"canonical\" href=\"https:\/\/tb-plomberie-conflans.fr\/index.php\/terms-conditions\/\" \/>\n<meta property=\"og:locale\" content=\"en_US\" \/>\n<meta property=\"og:type\" content=\"article\" \/>\n<meta property=\"og:title\" content=\"Mentions L\u00e9gales - TB PLOMBERIE\" \/>\n<meta property=\"og:url\" content=\"https:\/\/tb-plomberie-conflans.fr\/index.php\/terms-conditions\/\" \/>\n<meta property=\"og:site_name\" content=\"TB PLOMBERIE\" \/>\n<meta property=\"article:modified_time\" content=\"2023-11-15T03:47:08+00:00\" \/>\n<meta property=\"og:image\" content=\"https:\/\/tb-plomberie-conflans.fr\/wp-content\/uploads\/2020\/03\/services-feature-image-scaled-1.jpg\" \/>\n\t<meta property=\"og:image:width\" content=\"2560\" \/>\n\t<meta property=\"og:image:height\" content=\"841\" \/>\n\t<meta property=\"og:image:type\" content=\"image\/jpeg\" \/>\n<meta name=\"twitter:card\" content=\"summary_large_image\" \/>\n<meta name=\"twitter:label1\" content=\"Est. reading time\" \/>\n\t<meta name=\"twitter:data1\" content=\"5 minutes\" \/>\n<script type=\"application\/ld+json\" class=\"yoast-schema-graph\">{\"@context\":\"https:\/\/schema.org\",\"@graph\":[{\"@type\":\"WebPage\",\"@id\":\"https:\/\/tb-plomberie-conflans.fr\/index.php\/terms-conditions\/\",\"url\":\"https:\/\/tb-plomberie-conflans.fr\/index.php\/terms-conditions\/\",\"name\":\"Mentions L\u00e9gales - TB PLOMBERIE\",\"isPartOf\":{\"@id\":\"https:\/\/tb-plomberie-conflans.fr\/#website\"},\"datePublished\":\"2020-03-11T09:19:17+00:00\",\"dateModified\":\"2023-11-15T03:47:08+00:00\",\"breadcrumb\":{\"@id\":\"https:\/\/tb-plomberie-conflans.fr\/index.php\/terms-conditions\/#breadcrumb\"},\"inLanguage\":\"en-US\",\"potentialAction\":[{\"@type\":\"ReadAction\",\"target\":[\"https:\/\/tb-plomberie-conflans.fr\/index.php\/terms-conditions\/\"]}]},{\"@type\":\"BreadcrumbList\",\"@id\":\"https:\/\/tb-plomberie-conflans.fr\/index.php\/terms-conditions\/#breadcrumb\",\"itemListElement\":[{\"@type\":\"ListItem\",\"position\":1,\"name\":\"Home\",\"item\":\"https:\/\/tb-plomberie-conflans.fr\/\"},{\"@type\":\"ListItem\",\"position\":2,\"name\":\"Mentions L\u00e9gales\"}]},{\"@type\":\"WebSite\",\"@id\":\"https:\/\/tb-plomberie-conflans.fr\/#website\",\"url\":\"https:\/\/tb-plomberie-conflans.fr\/\",\"name\":\"TB PLOMBERIE\",\"description\":\"Plombier \u00e0 Conflans Sainte Honorine (78)\",\"potentialAction\":[{\"@type\":\"SearchAction\",\"target\":{\"@type\":\"EntryPoint\",\"urlTemplate\":\"https:\/\/tb-plomberie-conflans.fr\/?s={search_term_string}\"},\"query-input\":\"required name=search_term_string\"}],\"inLanguage\":\"en-US\"}]}<\/script>\n<!-- \/ Yoast SEO plugin. -->","yoast_head_json":{"title":"Mentions L\u00e9gales - TB PLOMBERIE","robots":{"index":"index","follow":"follow","max-snippet":"max-snippet:-1","max-image-preview":"max-image-preview:large","max-video-preview":"max-video-preview:-1"},"canonical":"https:\/\/tb-plomberie-conflans.fr\/index.php\/terms-conditions\/","og_locale":"en_US","og_type":"article","og_title":"Mentions L\u00e9gales - TB PLOMBERIE","og_url":"https:\/\/tb-plomberie-conflans.fr\/index.php\/terms-conditions\/","og_site_name":"TB PLOMBERIE","article_modified_time":"2023-11-15T03:47:08+00:00","og_image":[{"width":2560,"height":841,"url":"https:\/\/tb-plomberie-conflans.fr\/wp-content\/uploads\/2020\/03\/services-feature-image-scaled-1.jpg","type":"image\/jpeg"}],"twitter_card":"summary_large_image","twitter_misc":{"Est. reading time":"5 minutes"},"schema":{"@context":"https:\/\/schema.org","@graph":[{"@type":"WebPage","@id":"https:\/\/tb-plomberie-conflans.fr\/index.php\/terms-conditions\/","url":"https:\/\/tb-plomberie-conflans.fr\/index.php\/terms-conditions\/","name":"Mentions L\u00e9gales - TB PLOMBERIE","isPartOf":{"@id":"https:\/\/tb-plomberie-conflans.fr\/#website"},"datePublished":"2020-03-11T09:19:17+00:00","dateModified":"2023-11-15T03:47:08+00:00","breadcrumb":{"@id":"https:\/\/tb-plomberie-conflans.fr\/index.php\/terms-conditions\/#breadcrumb"},"inLanguage":"en-US","potentialAction":[{"@type":"ReadAction","target":["https:\/\/tb-plomberie-conflans.fr\/index.php\/terms-conditions\/"]}]},{"@type":"BreadcrumbList","@id":"https:\/\/tb-plomberie-conflans.fr\/index.php\/terms-conditions\/#breadcrumb","itemListElement":[{"@type":"ListItem","position":1,"name":"Home","item":"https:\/\/tb-plomberie-conflans.fr\/"},{"@type":"ListItem","position":2,"name":"Mentions L\u00e9gales"}]},{"@type":"WebSite","@id":"https:\/\/tb-plomberie-conflans.fr\/#website","url":"https:\/\/tb-plomberie-conflans.fr\/","name":"TB PLOMBERIE","description":"Plombier \u00e0 Conflans Sainte Honorine (78)","potentialAction":[{"@type":"SearchAction","target":{"@type":"EntryPoint","urlTemplate":"https:\/\/tb-plomberie-conflans.fr\/?s={search_term_string}"},"query-input":"required name=search_term_string"}],"inLanguage":"en-US"}]}},"_links":{"self":[{"href":"https:\/\/tb-plomberie-conflans.fr\/index.php\/wp-json\/wp\/v2\/pages\/56","targetHints":{"allow":["GET"]}}],"collection":[{"href":"https:\/\/tb-plomberie-conflans.fr\/index.php\/wp-json\/wp\/v2\/pages"}],"about":[{"href":"https:\/\/tb-plomberie-conflans.fr\/index.php\/wp-json\/wp\/v2\/types\/page"}],"author":[{"embeddable":true,"href":"https:\/\/tb-plomberie-conflans.fr\/index.php\/wp-json\/wp\/v2\/users\/1"}],"replies":[{"embeddable":true,"href":"https:\/\/tb-plomberie-conflans.fr\/index.php\/wp-json\/wp\/v2\/comments?post=56"}],"version-history":[{"count":1,"href":"https:\/\/tb-plomberie-conflans.fr\/index.php\/wp-json\/wp\/v2\/pages\/56\/revisions"}],"predecessor-version":[{"id":1004,"href":"https:\/\/tb-plomberie-conflans.fr\/index.php\/wp-json\/wp\/v2\/pages\/56\/revisions\/1004"}],"wp:featuredmedia":[{"embeddable":true,"href":"https:\/\/tb-plomberie-conflans.fr\/index.php\/wp-json\/wp\/v2\/media\/210"}],"wp:attachment":[{"href":"https:\/\/tb-plomberie-conflans.fr\/index.php\/wp-json\/wp\/v2\/media?parent=56"}],"curies":[{"name":"wp","href":"https:\/\/api.w.org\/{rel}","templated":true}]}}